[INFO] cloning repository https://github.com/jasperdg/flux-protocol
[INFO] running `Command { std: "git" "-c" "credential.helper=" "-c" "credential.helper=/workspace/cargo-home/bin/git-credential-null" "clone" "--bare" "https://github.com/jasperdg/flux-protocol" "/workspace/cache/git-repos/https%3A%2F%2Fgithub.com%2Fjasperdg%2Fflux-protocol", kill_on_drop: false }`
[INFO] [stderr] Cloning into bare repository '/workspace/cache/git-repos/https%3A%2F%2Fgithub.com%2Fjasperdg%2Fflux-protocol'...
[INFO] running `Command { std: "git" "rev-parse" "HEAD", kill_on_drop: false }`
[INFO] [stdout] 8504c5bf5fc3f5befa70a78c3a0a627f414d1942
[INFO] checking jasperdg/flux-protocol against try#72f88fc4e9458f89516a0b8b0868f3718aec5b47 for pr-74989
[INFO] running `Command { std: "git" "clone" "/workspace/cache/git-repos/https%3A%2F%2Fgithub.com%2Fjasperdg%2Fflux-protocol" "/workspace/builds/worker-1/source", kill_on_drop: false }`
[INFO] [stderr] Cloning into '/workspace/builds/worker-1/source'...
[INFO] [stderr] done.
[INFO] validating manifest of git repo https://github.com/jasperdg/flux-protocol on toolchain 72f88fc4e9458f89516a0b8b0868f3718aec5b47
[INFO] running `Command { std: "/workspace/cargo-home/bin/cargo" "+72f88fc4e9458f89516a0b8b0868f3718aec5b47" "read-manifest" "--manifest-path" "Cargo.toml", kill_on_drop: false }`
[INFO] started tweaking git repo https://github.com/jasperdg/flux-protocol
[INFO] finished tweaking git repo https://github.com/jasperdg/flux-protocol
[INFO] tweaked toml for git repo https://github.com/jasperdg/flux-protocol written to /workspace/builds/worker-1/source/Cargo.toml
[INFO] crate git repo https://github.com/jasperdg/flux-protocol already has a lockfile, it will not be regenerated
[INFO] running `Command { std: "/workspace/cargo-home/bin/cargo" "+72f88fc4e9458f89516a0b8b0868f3718aec5b47" "fetch" "--locked" "--manifest-path" "Cargo.toml", kill_on_drop: false }`
[INFO] [stderr]     Updating git repository `https://github.com/nearprotocol/nearcore.git`
[INFO] [stderr]  Downloading crates ...
[INFO] [stderr]   Downloaded smart-default v0.6.0
[INFO] [stderr]   Downloaded clear_on_drop v0.2.4
[INFO] [stderr]   Downloaded validator_derive v0.10.1
[INFO] [stderr]   Downloaded jemallocator v0.3.2
[INFO] [stderr]   Downloaded reed-solomon-erasure v4.0.2
[INFO] [stderr]   Downloaded validator v0.10.1
[INFO] [stderr]   Downloaded errno v0.2.5
[INFO] [stderr]   Downloaded elastic-array v0.11.0
[INFO] [stderr]   Downloaded borsh v0.6.2
[INFO] [stderr]   Downloaded parity-secp256k1 v0.7.0
[INFO] [stderr]   Downloaded near-runtime-fees v0.9.1
[INFO] [stderr]   Downloaded cached v0.12.0
[INFO] [stderr]   Downloaded c2-chacha v0.2.4
[INFO] [stderr]   Downloaded borsh-schema-derive-internal v0.6.2
[INFO] [stderr]   Downloaded near-rpc-error-core v0.1.0
[INFO] [stderr]   Downloaded if_chain v1.0.0
[INFO] [stderr]   Downloaded borsh-derive-internal v0.6.2
[INFO] [stderr]   Downloaded wasmer-runtime v0.17.0
[INFO] [stderr]   Downloaded near-vm-logic v0.9.1
[INFO] [stderr]   Downloaded jemalloc-sys v0.3.2
[INFO] [stderr]   Downloaded curve25519-dalek v2.1.0
[INFO] [stderr]   Downloaded blake3 v0.3.4
[INFO] [stderr]   Downloaded near-sdk-macros v0.11.0
[INFO] [stderr]   Downloaded near-vm-errors v0.9.1
[INFO] [stderr]   Downloaded pwasm-utils v0.12.0
[INFO] [stderr]   Downloaded borsh-derive v0.6.2
[INFO] [stderr]   Downloaded near-sdk-core v0.11.0
[INFO] [stderr]   Downloaded near-rpc-error-macro v0.1.0
[INFO] [stderr]   Downloaded quickcheck_macros v0.9.1
[INFO] [stderr]   Downloaded near-sdk v0.11.0
[INFO] [stderr]   Downloaded easy-ext v0.2.0
[INFO] running `Command { std: "docker" "create" "-v" "/var/lib/crater-agent-workspace/builds/worker-1/target:/opt/rustwide/target:rw,Z" "-v" "/var/lib/crater-agent-workspace/builds/worker-1/source:/opt/rustwide/workdir:ro,Z" "-v" "/var/lib/crater-agent-workspace/cargo-home:/opt/rustwide/cargo-home:ro,Z" "-v" "/var/lib/crater-agent-workspace/rustup-home:/opt/rustwide/rustup-home:ro,Z" "-e" "SOURCE_DIR=/opt/rustwide/workdir" "-e" "CARGO_TARGET_DIR=/opt/rustwide/target" "-e" "CARGO_HOME=/opt/rustwide/cargo-home" "-e" "RUSTUP_HOME=/opt/rustwide/rustup-home" "-w" "/opt/rustwide/workdir" "-m" "1610612736" "--user" "0:0" "--network" "none" "rustops/crates-build-env@sha256:d92eaeed33fa75130ca1ee6c8a01d1ffb62bac859dfdfb3450e3e5d1c0146529" "/opt/rustwide/cargo-home/bin/cargo" "+72f88fc4e9458f89516a0b8b0868f3718aec5b47" "metadata" "--no-deps" "--format-version=1", kill_on_drop: false }`
[INFO] [stderr] WARNING: Your kernel does not support swap limit capabilities or the cgroup is not mounted. Memory limited without swap.
[INFO] [stdout] 93667c9d60e60dcfc527d41d9c3f12313eeb9726744f5841bf7e21ffcccdc994
[INFO] running `Command { std: "docker" "start" "-a" "93667c9d60e60dcfc527d41d9c3f12313eeb9726744f5841bf7e21ffcccdc994", kill_on_drop: false }`
[INFO] running `Command { std: "docker" "inspect" "93667c9d60e60dcfc527d41d9c3f12313eeb9726744f5841bf7e21ffcccdc994", kill_on_drop: false }`
[INFO] running `Command { std: "docker" "rm" "-f" "93667c9d60e60dcfc527d41d9c3f12313eeb9726744f5841bf7e21ffcccdc994", kill_on_drop: false }`
[INFO] [stdout] 93667c9d60e60dcfc527d41d9c3f12313eeb9726744f5841bf7e21ffcccdc994
[INFO] running `Command { std: "docker" "create" "-v" "/var/lib/crater-agent-workspace/builds/worker-1/target:/opt/rustwide/target:rw,Z" "-v" "/var/lib/crater-agent-workspace/builds/worker-1/source:/opt/rustwide/workdir:ro,Z" "-v" "/var/lib/crater-agent-workspace/cargo-home:/opt/rustwide/cargo-home:ro,Z" "-v" "/var/lib/crater-agent-workspace/rustup-home:/opt/rustwide/rustup-home:ro,Z" "-e" "SOURCE_DIR=/opt/rustwide/workdir" "-e" "CARGO_TARGET_DIR=/opt/rustwide/target" "-e" "CARGO_INCREMENTAL=0" "-e" "RUST_BACKTRACE=full" "-e" "RUSTFLAGS=--cap-lints=forbid" "-e" "CARGO_HOME=/opt/rustwide/cargo-home" "-e" "RUSTUP_HOME=/opt/rustwide/rustup-home" "-w" "/opt/rustwide/workdir" "-m" "1610612736" "--user" "0:0" "--network" "none" "rustops/crates-build-env@sha256:d92eaeed33fa75130ca1ee6c8a01d1ffb62bac859dfdfb3450e3e5d1c0146529" "/opt/rustwide/cargo-home/bin/cargo" "+72f88fc4e9458f89516a0b8b0868f3718aec5b47" "check" "--frozen" "--all" "--all-targets" "--message-format=json", kill_on_drop: false }`
[INFO] [stdout] 8a5faa0942f5b388e641bffaad1e645df215b56439670feea47c728d717d16fa
[INFO] [stderr] WARNING: Your kernel does not support swap limit capabilities or the cgroup is not mounted. Memory limited without swap.
[INFO] running `Command { std: "docker" "start" "-a" "8a5faa0942f5b388e641bffaad1e645df215b56439670feea47c728d717d16fa", kill_on_drop: false }`
[INFO] [stderr]    Compiling libc v0.2.69
[INFO] [stderr]    Compiling proc-macro2 v1.0.10
[INFO] [stderr]    Compiling unicode-xid v0.2.0
[INFO] [stderr]    Compiling syn v1.0.18
[INFO] [stderr]    Compiling serde v1.0.106
[INFO] [stderr]    Compiling memchr v2.3.3
[INFO] [stderr]    Compiling lazy_static v1.4.0
[INFO] [stderr]    Compiling itoa v0.4.5
[INFO] [stderr]     Checking smallvec v1.4.0
[INFO] [stderr]    Compiling regex-syntax v0.6.18
[INFO] [stderr]     Checking arrayvec v0.5.1
[INFO] [stderr]     Checking arrayref v0.3.6
[INFO] [stderr]     Checking bs58 v0.3.1
[INFO] [stderr]     Checking base64 v0.11.0
[INFO] [stderr]    Compiling crunchy v0.2.2
[INFO] [stderr]     Checking matches v0.1.8
[INFO] [stderr]     Checking static_assertions v1.1.0
[INFO] [stderr]    Compiling quick-error v1.2.3
[INFO] [stderr]    Compiling fs_extra v1.1.0
[INFO] [stderr]    Compiling unicode-width v0.1.7
[INFO] [stderr]     Checking hex v0.4.2
[INFO] [stderr]    Compiling semver-parser v0.7.0
[INFO] [stderr]     Checking rustc-hex v2.1.0
[INFO] [stderr]    Compiling constant_time_eq v0.1.5
[INFO] [stderr]    Compiling bindgen v0.53.3
[INFO] [stderr]    Compiling strsim v0.8.0
[INFO] [stderr]     Checking zeroize v1.1.0
[INFO] [stderr]    Compiling termcolor v1.1.0
[INFO] [stderr]    Compiling vec_map v0.8.2
[INFO] [stderr]     Checking subtle v2.2.3
[INFO] [stderr]     Checking keccak v0.1.0
[INFO] [stderr]    Compiling ansi_term v0.11.0
[INFO] [stderr]    Compiling rustc-hash v1.1.0
[INFO] [stderr]    Compiling reed-solomon-erasure v4.0.2
[INFO] [stderr]    Compiling nix v0.15.0
[INFO] [stderr]     Checking scopeguard v1.1.0
[INFO] [stderr]    Compiling lazycell v1.2.1
[INFO] [stderr]    Compiling peeking_take_while v0.1.2
[INFO] [stderr]    Compiling target-lexicon v0.10.0
[INFO] [stderr]    Compiling shlex v0.1.1
[INFO] [stderr]     Checking void v1.0.2
[INFO] [stderr]    Compiling if_chain v1.0.0
[INFO] [stderr]    Compiling stable_deref_trait v1.1.1
[INFO] [stderr]    Compiling protobuf v2.14.0
[INFO] [stderr]     Checking wasmparser v0.51.4
[INFO] [stderr]     Checking once_cell v1.4.0
[INFO] [stderr]    Compiling unicode-segmentation v1.6.0
[INFO] [stderr]    Compiling prometheus v0.8.0
[INFO] [stderr]     Checking fnv v1.0.7
[INFO] [stderr]    Compiling Inflector v0.11.4
[INFO] [stderr]     Checking parity-wasm v0.41.0
[INFO] [stderr]     Checking spin v0.5.2
[INFO] [stderr]     Checking strum v0.18.0
[INFO] [stderr]    Compiling wee_alloc v0.4.5
[INFO] [stderr]     Checking memory_units v0.4.0
[INFO] [stderr]    Compiling indexmap v1.3.2
[INFO] [stderr]    Compiling num-traits v0.2.11
[INFO] [stderr]    Compiling num-integer v0.1.42
[INFO] [stderr]    Compiling num-bigint v0.2.6
[INFO] [stderr]    Compiling num-rational v0.2.4
[INFO] [stderr]    Compiling clang-sys v0.29.3
[INFO] [stderr]    Compiling thread_local v1.0.1
[INFO] [stderr]    Compiling nom v5.1.2
[INFO] [stderr]     Checking unicode-normalization v0.1.12
[INFO] [stderr]     Checking unicode-bidi v0.3.4
[INFO] [stderr]     Checking fixed-hash v0.6.1
[INFO] [stderr]    Compiling textwrap v0.11.0
[INFO] [stderr]    Compiling humantime v1.3.0
[INFO] [stderr]    Compiling semver v0.9.0
[INFO] [stderr]     Checking lock_api v0.3.4
[INFO] [stderr]    Compiling owning_ref v0.4.1
[INFO] [stderr]     Checking cached v0.12.0
[INFO] [stderr]    Compiling heck v0.3.1
[INFO] [stderr]    Compiling ryu v1.0.4
[INFO] [stderr]    Compiling log v0.4.8
[INFO] [stderr]    Compiling rustc_version v0.2.3
[INFO] [stderr]     Checking uint v0.8.3
[INFO] [stderr]     Checking elastic-array v0.11.0
[INFO] [stderr]     Checking block-buffer v0.7.3
[INFO] [stderr]     Checking crypto-mac v0.7.0
[INFO] [stderr]     Checking stream-cipher v0.3.2
[INFO] [stderr]     Checking idna v0.2.0
[INFO] [stderr]     Checking aho-corasick v0.7.10
[INFO] [stderr]     Checking pwasm-utils v0.12.0
[INFO] [stderr]     Checking primitive-types v0.7.2
[INFO] [stderr]     Checking sha2 v0.8.1
[INFO] [stderr]     Checking sha3 v0.8.2
[INFO] [stderr]     Checking c2-chacha v0.2.4
[INFO] [stderr]    Compiling quote v1.0.3
[INFO] [stderr]     Checking blake2 v0.8.1
[INFO] [stderr]     Checking url v2.1.1
[INFO] [stderr]     Checking regex v1.3.9
[INFO] [stderr]    Compiling jobserver v0.1.21
[INFO] [stderr]    Compiling atty v0.2.14
[INFO] [stderr]    Compiling which v3.1.1
[INFO] [stderr]     Checking getrandom v0.1.14
[INFO] [stderr]     Checking parking_lot_core v0.7.2
[INFO] [stderr]     Checking time v0.1.43
[INFO] [stderr]     Checking memmap v0.7.0
[INFO] [stderr]     Checking errno v0.2.5
[INFO] [stderr]     Checking page_size v0.4.2
[INFO] [stderr]     Checking num_cpus v1.13.0
[INFO] [stderr]    Compiling clap v2.33.1
[INFO] [stderr]    Compiling cc v1.0.54
[INFO] [stderr]     Checking rand_core v0.5.1
[INFO] [stderr]     Checking parking_lot v0.10.2
[INFO] [stderr]     Checking dynasmrt v0.5.2
[INFO] [stderr]     Checking env_logger v0.7.1
[INFO] [stderr]     Checking rand_chacha v0.2.2
[INFO] [stderr]     Checking curve25519-dalek v2.1.0
[INFO] [stderr]    Compiling cexpr v0.4.0
[INFO] [stderr]     Checking rand v0.7.3
[INFO] [stderr]    Compiling blake3 v0.3.4
[INFO] [stderr]    Compiling libloading v0.5.2
[INFO] [stderr]    Compiling clear_on_drop v0.2.4
[INFO] [stderr]    Compiling jemalloc-sys v0.3.2
[INFO] [stderr]    Compiling parity-secp256k1 v0.7.0
[INFO] [stderr]     Checking quickcheck v0.9.2
[INFO] [stderr]     Checking ed25519-dalek v1.0.0-pre.3
[INFO] [stderr]    Compiling wasmer-runtime-core v0.17.0
[INFO] [stderr]    Compiling borsh-derive-internal v0.6.2
[INFO] [stderr]    Compiling borsh-schema-derive-internal v0.6.2
[INFO] [stderr]    Compiling near-sdk-core v0.11.0
[INFO] [stderr]    Compiling serde_derive v1.0.106
[INFO] [stderr]    Compiling borsh-derive v0.6.2
[INFO] [stderr]    Compiling easy-ext v0.2.0
[INFO] [stderr]    Compiling derive_more v0.99.7
[INFO] [stderr]    Compiling smart-default v0.6.0
[INFO] [stderr]    Compiling dynasm v0.5.2
[INFO] [stderr]    Compiling thiserror-impl v1.0.20
[INFO] [stderr]    Compiling strum_macros v0.18.0
[INFO] [stderr]    Compiling near-sdk-macros v0.11.0
[INFO] [stderr]    Compiling quickcheck_macros v0.9.1
[INFO] [stderr]     Checking borsh v0.6.2
[INFO] [stderr]     Checking thiserror v1.0.20
[INFO] [stderr]    Compiling librocksdb-sys v6.7.4
[INFO] [stderr]     Checking near-metrics v0.1.0 (https://github.com/nearprotocol/nearcore.git#9cb020bf)
[INFO] [stderr] error: could not compile `dynasm`.
[INFO] [stderr] 
[INFO] [stderr] Caused by:
[INFO] [stderr]   process didn't exit successfully: `rustc --crate-name dynasm --edition=2018 /opt/rustwide/cargo-home/registry/src/github.com-1ecc6299db9ec823/dynasm-0.5.2/src/lib.rs --error-format=json --json=diagnostic-rendered-ansi --crate-type proc-macro --emit=dep-info,link -C prefer-dynamic -C embed-bitcode=no -C debuginfo=2 -C metadata=1e5804c9780e5ed5 -C extra-filename=-1e5804c9780e5ed5 --out-dir /opt/rustwide/target/debug/deps -L dependency=/opt/rustwide/target/debug/deps --extern bitflags=/opt/rustwide/target/debug/deps/libbitflags-56eca94422237621.rlib --extern byteorder=/opt/rustwide/target/debug/deps/libbyteorder-cd38a06705c534fc.rlib --extern lazy_static=/opt/rustwide/target/debug/deps/liblazy_static-7c0477ae3415ac1f.rlib --extern owning_ref=/opt/rustwide/target/debug/deps/libowning_ref-48dd4fe2bb9547f2.rlib --extern proc_macro2=/opt/rustwide/target/debug/deps/libproc_macro2-ad698ff49509b71c.rlib --extern quote=/opt/rustwide/target/debug/deps/libquote-29ea626c5524c576.rlib --extern syn=/opt/rustwide/target/debug/deps/libsyn-1c15361a82608685.rlib --extern proc_macro --cap-lints allow --cap-lints=forbid` (signal: 9, SIGKILL: kill)
[INFO] [stderr] warning: build failed, waiting for other jobs to finish...
[INFO] [stderr] The following warnings were emitted during compilation:
[INFO] [stderr] 
[INFO] [stderr] warning: c++: fatal error: Killed signal terminated program cc1plus
[INFO] [stderr] warning: compilation terminated.
[INFO] [stderr] warning: c++: fatal error: Killed signal terminated program cc1plus
[INFO] [stderr] warning: compilation terminated.
[INFO] [stderr] warning: c++: fatal error: Killed signal terminated program cc1plus
[INFO] [stderr] warning: compilation terminated.
[INFO] [stderr] warning: c++: fatal error: Killed signal terminated program cc1plus
[INFO] [stderr] warning: compilation terminated.
[INFO] [stderr] warning: c++: fatal error: Killed signal terminated program cc1plus
[INFO] [stderr] warning: compilation terminated.
[INFO] [stderr] warning: c++: fatal error: Killed signal terminated program cc1plus
[INFO] [stderr] warning: compilation terminated.
[INFO] [stderr] warning: c++: fatal error: Killed signal terminated program cc1plus
[INFO] [stderr] warning: compilation terminated.
[INFO] [stderr] warning: c++: fatal error: Killed signal terminated program cc1plus
[INFO] [stderr] warning: compilation terminated.
[INFO] [stderr] warning: c++: fatal error: Killed signal terminated program cc1plus
[INFO] [stderr] warning: compilation terminated.
[INFO] [stderr] 
[INFO] [stderr] error: build failed
[INFO] running `Command { std: "docker" "inspect" "8a5faa0942f5b388e641bffaad1e645df215b56439670feea47c728d717d16fa", kill_on_drop: false }`
[INFO] running `Command { std: "docker" "rm" "-f" "8a5faa0942f5b388e641bffaad1e645df215b56439670feea47c728d717d16fa", kill_on_drop: false }`
[INFO] [stdout] 8a5faa0942f5b388e641bffaad1e645df215b56439670feea47c728d717d16fa
